t is the value of (-20 - -8) + -22 - (4 + 0 + -13 - -10)?
-35
95 + 112 + -103 + -1 + 4 + -16
91
What is the value of -4 - (-1 + 1 + 16 + -12 + (10 - 2))?
-16
Calculate 16 - (-3 + 5) - (9 + 62 + -7).
-50
Calculate 112 + 23 + -166 - 96.
-127
-32 + (88 - -35) - (-14 + 1 + 12)
92
What is the value of -2581 + 2656 + 0 + 3 + -3?
75
Evaluate 18 - (9 + 46) - -31 - 55.
-61
What is the value of 9 + 2 - (3 - (22 + 42 + -23))?
49
-40 + (-10 - (11 - 13 - -5 - 16))
-37
What is the value of (32 - (-11 + 39)) + (-1 - -2) - (20 - 11)?
-4
5 - (24 - -12 - -59)
-90
Calculate (-129 + -18 - -34) + 209.
96
What is 0 + (-9 - (8 + -5 - 5)) + -11 + -7?
-25
Evaluate 39 + -1 + (5166 - 5244).
-40
What is (1 - (-11 - -10 - (-8 - -3))) + 13 - -1?
11
Evaluate -44 + (-2 + 1 - -2) - (-51 - -64 - 17).
-39
-2 + 10 - (22 - 29) - (-59 + (59 - 43))
58
Calculate (44 + -21 + -26 - -99) + (-5 - 0).
91
Calculate 11 - (-12 + -25 + 46 + -19 + 1).
20
What is the value of (7 - -1) + (844 - 875)?
-23
Calculate -140 + 135 + -8 + 42.
29
What is the value of -13 + (-27 + -1 - (7 + -26 + 6 + 0))?
-28
Calculate -23 + 19 + (15 - 63) + 28.
-24
What is the value of (-30 - -1) + (7 - (10 + -2 + (22 - 25)))?
-27
What is -7 + (-881 + 873 - (-2 - -1))?
-14
Evaluate (3 - (4 - -6)) + (32 - 4) + -17 + -70.
-66
Calculate -41 + (-58 - -116) - (0 + 61).
-44
Calculate 36 + -32 + 16 - ((1 - 0) + -14).
33
Evaluate -105 + -32 + 47 + 11 + -9.
-88
Calculate (72 - 41) + -8 + (18 + -1 - 9).
31
Calculate -37 + 53 + (-7 - 10).
-1
-87 + 53 + 69 + 28
63
Evaluate -1 - -3 - (-28 + -18 - (-15 + 8 + 2)).
43
-14 - (14 - (-5 - (6 + 17 + -14)))
-42
Evaluate 0 + -21 - (-86 + 15) - -10.
60
Evaluate 9 + -9 + (-34 - -26) + (-1 - 3).
-12
What is the value of (-48 - -17) + (15 - -29) - 85?
-72
Evaluate -174 + 181 - (36 + 3).
-32
-1 - -8 - ((-164 - -215) + -55)
11
Calculate -97 - (9 + -10 - -12 - 14 - (9 - 1)).
-86
What is (12 - -14 - -36) + -24?
38
Evaluate (39 + -33 - 90) + 41.
-43
(-1073 - -1006) + (-11 - -22)
-56
What is the value of (69 - 0) + (5 + -6 - 16) + (80 - 67)?
65
-18 + -53 + 47 - 34
-58
Evaluate -12 + (37 - (22 - 23)) + -6.
20
What is the value of (-2 - 51) + 54 - (2 + -4 - (36 + 0))?
39
What is 101 + -101 + 56 - 98?
-42
Evaluate 91 - (281 - 178) - (-8 + (1 - 2)).
-3
Calculate (11 + -31 - -45) + -8.
17
What is the value of -2 + -22 + (3 - (-4 + 3 + 13)) + 5?
-28
-24 + -1 - ((16 - 7 - -19) + -27)
-26
What is the value of (24 + 1 + -18 - -47) + -8?
46
Evaluate (-22 - -18) + -138 + 44.
-98
What is the value of 587 + -593 - (0 + -13)?
7
What is the value of (6 - 5 - -8) + 16 + -40 + 21?
6
Evaluate 867 + -899 + -31 + 3.
-60
What is 122 - (0 + 0 + 26 - (-1182 + 1193))?
107
What is the value of 1172 + -1157 + 0 + -67?
-52
What is (-74 + 71 - (9 - 0)) + -1?
-13
What is (-13 - -1) + (-28 - -69) + -76?
-47
Calculate -17 + (-6 - -26) + 8 - (0 - -41).
-30
What is the value of -6808 - -6834 - (2 - 2 - -58)?
-32
Evaluate -7 + 0 + 15 + -182 + 150 + -11.
-35
What is the value of 17 + -1 - (35 + -11 - (-59 + 63))?
-4
What is the value of (-12 - (-6 + 3 + -2)) + 226 + -173?
46
-170 + 196 + -29 + (1 - -9)
7
Evaluate 3 + -15 + (22 - 2) + -3 + -10 - -47.
42
What is 32 + 10 + 0 + 3 + -4 + -1 + -4?
36
What is the value of (14 - -4 - (-66 + 70)) + -75?
-61
Evaluate -21 + (133 - (131 + -16)) + 0 + -74.
-77
Evaluate (-24 - ((-81 - -26) + 31)) + (-6 - (2 + -2)).
-6
What is the value of -26 - (-45 + 22) - (5 - (4 - 8))?
-12
-12 + -10 + -12 + 50 + -47
-31
Calculate 12 - ((14 + -32 - -35) + -29 - -44).
-20
-3 + 4 + (-147 - -64) + (2 - -6) + 0
-74
1 + -2 + 15 + (12 - (5 + -21 - -30))
12
What is the value of (5 + -1 - 1) + (2 + (18 - 58) - 12)?
-47
What is (78 - 1) + (6797 - 6923)?
-49
What is the value of -6 - (217 + -221 - (30 + -4))?
24
-1 + -1 - ((13 + -1 - -1) + (-34 - -16))
3
What is -2 - 18 - (-29 + 4 - -5)?
0
Calculate 1 - (18 + -70 + -2 + 13).
42
What is (-2 - -4 - 25) + 33 + -9 + -16?
-15
What is the value of 4 + -26 - (502 - 462)?
-62
What is the value of (3 - 7 - (0 - 1) - 6 - -20) + -56?
-45
Evaluate (-4 + 4 + 5 - (28 + (33 - 86))) + 6.
36
What is (88 - 119) + (3 - -42) + (0 - 11)?
3
Evaluate 0 + (23 - -2) + -293 + 369.
101
-72 - (61 + -63 - 66)
-4
What is 3 + (-2 - 0) + -11 + 846 + -789?
47
Calculate -27 - ((10 - (35 + -16)) + (11 - -3)) - -10.
-22
What is the value of 79 + 5 + -11 + (9 - (0 + 23 + -8))?
67
Calculate -83 - (86 + -113) - (-2 - -2).
-56
What is -306 + 228 + 80 + (2 - -10)?
14
(3 - (0 + -1) - 2) + -14 + -18
-30
Evaluate -7 - ((11 - 0) + -19 + 10 + -18) - 19.
-10
(83 - 103) + 60 - (-18 + -1)
59
What is 0 + 13 - (-22 - -50) - (-15 + 4 + 82)?
-86
Calculate (-46 - -26) + (15 + -7 - -5) + -96.
-103
Evaluate (-53 - 26) + (3 - (5 - 13 - 1)).
-67
5 + -7 - -7 - (-135 - -163)
-23
Evaluate -26 + 129 + -114 + 66.
55
-22 + ((21 - 4) + -3 - (-93 + 114))
-29
Calculate 39 - (38 - (33 - (-30 - -33))).
31
What is 6 - (-1 + -3 - 41 - -13 - -5)?
33
What is the value of 7 + (-22 - (-15 - -26 - 43))?
17
What is -58 + (-66 - -182) + -9?
49
Evaluate -9 + (12 - (-12 + (-2 - -29))) - 14.
-26
Evaluate 13 + -19 + 13 + ((12 - -1) + -9 - -96).
107
Evaluate -9 + 0 - ((17 - -1) + 1634 + -1653).
-8
Calculate -6340 + 6341 - (-84 - (4 + -2)).
87
Evaluate (-114 - -168) + 0 + 2 + 2 - -3.
61
What is 34 + 28 + -56 + (4 - (-14 + 7))?
17
Calculate -39 + (-593 + 619 - (-36 + -1)).
24
Calculate (134 - -54 - 243) + (-1 - 2).
-58
1 + -2 + 97 - (42 + -48 + -9 - -31)
80
What is -38 - (-78 - -27) - 65?
-52
What is the value of -10 + 1 + -1 + (4341 - 4323) + (1 - -12)?
21
What is -46 + 5 + 52 + -29 + 2 + 0?
-16
Calculate -43 + (471 - 487 - (-110 - 1)).
52
Evaluate -62 + (3 - -15) + 43 + -91 + 28.
-64
What is the value of -2 + -38 - -19 - 30?
-51
Evaluate (-40 - (-32 - (72 - 59))) + -85 + (-2 - -3).
-79
What is 32 - (49 + -35) - -19?
37
3 - (3 - 12) - (7 + -6)
11
Evaluate -176 + 95 - ((2 - 0) + 50 + -48).
-85
What is 0 - (3 + (-21 - (-9 - 0)))?
9
What is the value of 51 + -171 - (-96 - -54)?
-78
What is (38 + -29 - 6 - 5) + 6?
4
Evaluate 20 + (-428 + 445 - (-16 - 0)).
53
-8 + (26 + -22 + -15 + 104 - -6)
91
Evaluate 12 + -44 + 28 + 43.
39
Evaluate -92 - (120 - (42 - -58)).
-112
What is the value of -27 + (-18 + 13 - (-6 - (0 + -7 + -2)))?
-35
Evaluate -77 - -3 - (13 + -8 + -4 - 12).
-63
Calculate 121 + -133 + -99 - -22.
-89
What is -7 + (11 - 7) + -12 + -6 + 11?
-10
What is the value of 24 + 68 + -94 + 5?
3
12 - 1 - (1194 - 1213)
30
-2 + 0 + (0 - (-1 - -2)) + (16636 - 16490)
143
What is the value of 19 + 107 - 126 - (32 + (0 - 2))?
-30
-57 + (51 + 4 - 38)
-40
17 + -20 + -98 + (-26 - -30)
-97
What is (7 - 0 - -3) + 123 + -179?
-46
-118 + (6 - (-11 - 3)) + (-5 - 10) - 16
-129
What is the value of 13 + (-7 - 19) + (-9 - -27)?
5
Evaluate 333 - 404 - (-5 + -2 + 1).
-65
What is the value of (-2 - (-1 + -104)) + (26 - 61) + (70 - 29)?
109
Calculate 10 - (-5 + 19 - (5 - (-1 - -21))).
-19
Calculate 4 - 8 - 10 - (10 - (-3 + 4)).
-23
What is -55 - -26 - 22 - (-24 + (-9 - -17))?
-35
Calculate 1 - (-6 + -2) - (-55 - -116) - (5 + -1).
-56
Evaluate -1 + 41 + (38 + 304 - 376).
6
What is -14 - ((-39 - -31) + 3)?
-9
33 - (-41 + 30 + 4)
40
Calculate (-48 - (-34 + -36)) + -44.
-22
Calculate -7 - -1 - (3 - 2) - (-445 + 417).
21
Evaluate 3 + (-9 - 1) + (-1293 - -1325).
25
What is 382 - 349 - (102 - (-14 + 8))?
-75
What is 5 + -93 + -303 + 310?
-81
Calculate 17 + (-1 - -8 - (1 - -19)).
4
What is -19 + (-26 - -37 - 1) + 22?
13
39 - -19 - (6 - -23)
29
Evaluate (-4 - -64) + -4 + (10 - 10) + -93 + 81.
44
What is the value of -77 + 34 + 5 + 3?
-35
Evaluate (-109 - -115) + (2 + -54 - (-5 - -4)).
-45
-87 + 22 + -72 + 124
-13
What is the value of (-78 - -38) + 47 - (-12 - (-2 - -3))?
20
Evaluate -17 + 11 + -25 + -12.
-43
Evaluate (466 - 466) + 0 + (15 - 3) + 1 + 99.
112
What is the value of (-16 + (15 - -32) - 64) + (-2 - -2) + 0?
-33
What is -63 - 1 - (-308 - -380 - 65)?
-71
-164 + 165 + (-6 - (-4 - (-8 + 4))) - 28
-33
Evaluate -7 - 7 - (176 - 217).
27
What is 7 - (-43 + 14 + 106)?
-70
-29 - -8 - (-20 + (9 - 3)) - -2
-5
Evaluate 12 + (-27 + 9 + 9 - (2 - (-54 + 1))).
-52
Calculate -28 + 34 + (-1 + 9 - (7 + 10)).
-3
13 - 13 - (-46 + 72)
-26
Calculate (-23 - (-69 - -27) - 68) + 11.
-38
What is the value of -4 + 21 + 18 + (-1 - 6)?
28
Calculate (10 - -60 - -6) + (-14 - (1 + -6)).
67
What is the value 